3
In base 7, what is 11 - -262032?
262043
In base 13, what is -80c - -2bb?
-521
In base 9, what is 16260 - 11?
16248
In base 4, what is 3032032022 + 0?
3032032022
In base 13, what is -593 + -18?
-5ab
In base 11, what is 4812a + 2?
48131
In base 6, what is 3435232 - 2?
3435230
In base 15, what is 1526b - -5?
15271
In base 14, what is ba - -3975?
3a51
In base 9, what is 731 + 130?
861
In base 2, what is 1100111010111110000 + 0?
1100111010111110000
In base 15, what is c - c454?
-c447
In base 11, what is 3 - -4602?
4605
In base 12, what is -6874 - -a?
-6866
In base 14, what is -785 + -3?
-788
In base 14, what is 4a449 + 1?
4a44a
In base 4, what is 230 - -13213013?
13213303
In base 4, what is -2131301 + -10?
-2131311
In base 11, what is -50 + 875?
825
In base 11, what is -19a6 + -15?
-1a10
In base 2, what is -10 + -101110100001000001001?
-101110100001000001011
In base 9, what is 1840 - 536?
1303
In base 6, what is -342121 + -20?
-342141
In base 4, what is -1021 + 1?
-1020
In base 6, what is -1 - -314?
313
In base 11, what is -5 - 55?
-5a
In base 9, what is -5821 + -2?
-5823
In base 14, what is -805d - a?
-8069
In base 14, what is d84d - -15?
d864
In base 4, what is -10 - 30001222?
-30001232
In base 16, what is -3 + b1cd?
b1ca
In base 2, what is -1001011011001010 - -10101011?
-1001011000011111
In base 14, what is -a - 3959?
-3965
In base 3, what is 2001121121 - 12?
2001121102
In base 16, what is -aa + -1db?
-285
In base 15, what is 49de + 5?
49e4
In base 15, what is -677 + -94?
-71b
In base 11, what is 83 - -395a?
3a32
In base 8, what is -16 + 7022?
7004
In base 4, what is -100303 - -13?
-100230
In base 16, what is -2e0 - -25?
-2bb
In base 4, what is -13 + -213322?
-220001
In base 4, what is -11232 - 12230?
-30122
In base 8, what is -37706 + -17?
-37725
In base 10, what is 6978 - -182?
7160
In base 14, what is 35 + -2a?
9
In base 14, what is 614d3 + -4?
614cd
In base 9, what is -310733 + 7?
-310725
In base 10, what is -68344 - 15?
-68359
In base 11, what is -57 - 58a?
-636
In base 8, what is -166046 - -1?
-166045
In base 9, what is -852177 - 2?
-852180
In base 9, what is -2826647 - 0?
-2826647
In base 5, what is -4430014 + 100?
-4424414
In base 10, what is 8 - -4054?
4062
In base 16, what is 17 + -232fa?
-232e3
In base 5, what is 2 + 414412?
414414
In base 6, what is -110101221 - -1?
-110101220
In base 9, what is -155 + -4007?
-4163
In base 15, what is cbe01 - -3?
cbe04
In base 15, what is 30b5 + -8?
30ac
In base 14, what is 17a - -96?
232
In base 6, what is -10514 - 24151?
-35105
In base 16, what is 3c - 43?
-7
In base 2, what is -10 + -10110100010010?
-10110100010100
In base 9, what is -3141 + 78?
-3052
In base 8, what is 1450515 - -1?
1450516
In base 15, what is -24 - 1133?
-1157
In base 5, what is -240010 - 11?
-240021
In base 10, what is -7 - -245101?
245094
In base 11, what is -10418 - 5?
-10422
In base 11, what is 11 + 5607?
5618
In base 9, what is -1157 - 520?
-1677
In base 3, what is -10210121121 - 112?
-10210122010
In base 8, what is 47 - 10440?
-10371
In base 7, what is -3 - 24031?
-24034
In base 14, what is 11 - 558?
-547
In base 12, what is 3 + -45a6?
-45a3
In base 5, what is 432114423 - 0?
432114423
In base 14, what is -3 - a52d?
-a532
In base 5, what is -1314 + 3204?
1340
In base 4, what is 2 - -12321313?
12321321
In base 15, what is 1aa + 350?
50a
In base 3, what is 0 + -202210012?
-202210012
In base 3, what is -2212 + 1002?
-1210
In base 2, what is -1011001110110 - -100100010?
-1010101010100
In base 2, what is -110100 - 10110110001000?
-10110110111100
In base 4, what is -20023 + -10103?
-30132
In base 2, what is 10000110011000111111 + 1?
10000110011001000000
In base 11, what is -53 + -137?
-18a
In base 4, what is 0 + 100002120?
100002120
In base 15, what is 1dc8 + -60?
1d68
In base 15, what is -16 - 1d6c9?
-1d6e0
In base 16, what is -4 + 5bb4?
5bb0
In base 8, what is 123124 - -1?
123125
In base 13, what is 11 + -352?
-341
In base 14, what is 5159 - 4c?
510b
In base 2, what is 110111010 - 111010100?
-11010
In base 7, what is -2 - -610103?
610101
In base 3, what is -20021 + 12201?
-120
In base 4, what is 120 - -322113231?
322120011
In base 15, what is 1 + -664a?
-6649
In base 3, what is 10 + -220110012?
-220110002
In base 13, what is 17138 - 1?
17137
In base 12, what is 1251 + 1363?
25b4
In base 12, what is 57 + -650?
-5b5
In base 7, what is -144 - 220?
-364
In base 15, what is 714 + c?
721
In base 10, what is -1781119 - 2?
-1781121
In base 12, what is 264 - -3b23?
4187
In base 15, what is 2 + -8733?
-8731
In base 11, what is aa6439 - 0?
aa6439
In base 3, what is -122222121 + 12020?
-122210101
In base 5, what is -3003 - 41?
-3044
In base 7, what is 2 + 342360?
342362
In base 13, what is 5 - 67261?
-67259
In base 10, what is 28 - -47118?
47146
In base 3, what is -1200 + -1002010?
-1010210
In base 15, what is -12 - -3421?
340e
In base 4, what is -13313101002 - 1?
-13313101003
In base 16, what is 9b + -b76?
-adb
In base 9, what is -37 + 1540?
1502
In base 3, what is -12 + -211010210021?
-211010210110
In base 15, what is -4b - -2c5?
279
In base 6, what is -1423 + -115133?
-121000
In base 6, what is -4124 + 4?
-4120
In base 3, what is -10102022110202 + -2?
-10102022110211
In base 8, what is 66 + -744?
-656
In base 13, what is -6 - -2160a?
21604
In base 5, what is -1 + -20430310?
-20430311
In base 12, what is 209068 - -1?
209069
In base 3, what is 11 + -1002100002102?
-1002100002021
In base 15, what is 366e + 4?
3673
In base 15, what is 10 + -17b?
-16b
In base 6, what is 2413050 - -13?
2413103
In base 10, what is -26307 + 37?
-26270
In base 9, what is -46 - -6111?
6054
In base 4, what is 10113 - -20023?
30202
In base 8, what is -51647 - -2?
-51645
In base 6, what is -500503 - -12?
-500451
In base 11, what is -4957 + 10?
-4947
In base 15, what is -18b1d7 - 0?
-18b1d7
In base 3, what is 101020020021 - -10?
101020020101
In base 8, what is 27616 + 53?
27671
In base 10, what is 17766 - -7?
17773
In base 13, what is 25 + -2634?
-260c
In base 13, what is -1 - -8533?
8532
In base 2, what is 100010111 - -1100100?
101111011
In base 5, what is -104411040 - -22?
-104411013
In base 7, what is 4264 + -15?
4246
In base 6, what is 244 + 5101?
5345
In base 10, what is -19663 + 5?
-19658
In base 8, what is -571260 - 6?
-571266
In base 6, what is 15 + -301341?
-301322
In base 6, what is 1410542 - -31?
1411013
In base 13, what is -366b7 - 4?
-366bb
In base 2, what is 1111000 - -1000101111100?
1000111110100
In base 6, what is 541320 + 10?
541330
In base 12, what is 4 - 6854?
-6850
In base 16, what is -2 - 15784?
-15786
In base 16, what is 69d57 - -5?
69d5c
In base 3, what is 12212121211 - -1?
12212121212
In base 10, what is -2943 + 1141?
-1802
In base 15, what is 773 + 7b?
7ee
In base 15, what is 4 - -260b?
2610
In base 3, what is 2220220 + 20?
2221010
In base 11, what is 318a - -1a?
31a9
In base 8, what is 22023 - -140?
22163
In base 12, what is -365 - -298?
-89
In base 2, what is -11000001100010 - 1000?
-11000001101010
In base 11, what is 525726 + -1?
525725
In base 11, what is 13 + -1992?
-197a
In base 3, what is -10010 + -220020?
-1000100
In base 13, what is -50 + 2822?
27a2
In base 4, what is 3103211 + -10?
3103201
In base 6, what is 3 + 143051?
143054
In base 14, what is -d276 - -6?
-d270
In base 5, what is -12323 - 140?
-13013
In base 10, what is 3 + -250491?
-250488
In base 13, what is -1a - 1362?
-137c
In base 15, what is -5 - 4483?
-4488
In base 16, what is fd + 198c?
1a89
In base 4, what is -2223202 - -2?
-2223200
In base 16, what is -dca - 2?
-dcc
In base 9, what is -87074 + 4?
-87070
In base 14, what is -53b3 + -29?
-53dc
In base 9, what is -4 + 8086?
8082
In base 10, what is -136 - 2359?
-2495
In base 11, what is 55 + 1888?
1932
In base 14, what is -26 - -170?
148
In base 5, what is -103043 + -343?
-103441
In base 12, what is b2 - -540?
632
In base 14, what is -1 + -153252?
-153253
In base 14, what is 50 - 1a73?
-1a23
In base 6, what is -320 - -3200?
2440
In base 5, what is -1223323030 - 0?
-1223323030
In base 11, what is -30426 + -40?
-30466
In base 13, what is -a183 + 25?
-a15b
In base 11, what is 7a0 + -14a8?
-808
In base 6, what is 25031 + 12?
25043
In base 2, what is 10 - 10001010101001110?
-10001010101001100
In base 2, what is -111011 -